{"id":33,"date":"2017-01-10T19:53:16","date_gmt":"2017-01-10T19:53:16","guid":{"rendered":"http:\/\/buntesherzmusik.de\/?page_id=33"},"modified":"2024-06-12T15:26:38","modified_gmt":"2024-06-12T13:26:38","slug":"kontakt","status":"publish","type":"page","link":"https:\/\/buntesherzmusik.de\/?page_id=33","title":{"rendered":"Kontakt"},"content":{"rendered":"<p>CD-Bestellungen\u00a0 und Diverses \u00fcber info@buntesherzmusik.de<\/p>\n<p><strong>F\u00fcr Auftrittsanfragen sind wir \u00fcber das untenstehende Kontaktformular erreichbar oder schreibt uns direkt eine Mail\u00a0 \u00fcber info@buntesherzmusik.de und<\/strong> <strong>setzt unseren Buchungsassisten, Felix Stern von Al Dente Recordz, in &#8222;cc&#8220;: kontakt@aldenterecordz.de.<br \/>\n<\/strong><\/p>\n<p>Wir sind ebenfalls \u00fcber <a href=\"http:\/\/www.facebook.com\/buntesherzmusik\" target=\"_blank\" rel=\"noopener noreferrer\">facebook<\/a> erreichbar.<\/p>\n<p>Alternativ sind Anfragen \u00fcber das Kontaktformular m\u00f6glich:<\/p>\n<div class=\"wpforms-container wpforms-container-full\" id=\"wpforms-348\"><form id=\"wpforms-form-348\" class=\"wpforms-validate wpforms-form\" data-formid=\"348\" method=\"post\" enctype=\"multipart\/form-data\" action=\"\/index.php?rest_route=%2Fwp%2Fv2%2Fpages%2F33\" data-token=\"8aa9f4ffec024384735eeb26fa7047ef\" data-token-time=\"1777434070\"><noscript class=\"wpforms-error-noscript\">Bitte aktiviere JavaScript in deinem Browser, um dieses Formular fertigzustellen.<\/noscript><div class=\"wpforms-field-container\"><div id=\"wpforms-348-field_0-container\" class=\"wpforms-field wpforms-field-name\" data-field-id=\"0\"><label class=\"wpforms-field-label\" for=\"wpforms-348-field_0\">Name <span class=\"wpforms-required-label\">*<\/span><\/label><input type=\"text\" id=\"wpforms-348-field_0\" class=\"wpforms-field-medium wpforms-field-required\" name=\"wpforms[fields][0]\" required><\/div><div id=\"wpforms-348-field_1-container\" class=\"wpforms-field wpforms-field-email\" data-field-id=\"1\"><label class=\"wpforms-field-label\" for=\"wpforms-348-field_1\">E-Mail <span class=\"wpforms-required-label\">*<\/span><\/label><input type=\"email\" id=\"wpforms-348-field_1\" class=\"wpforms-field-medium wpforms-field-required\" name=\"wpforms[fields][1]\" spellcheck=\"false\" required><\/div><div id=\"wpforms-348-field_2-container\" class=\"wpforms-field wpforms-field-textarea\" data-field-id=\"2\"><label class=\"wpforms-field-label\" for=\"wpforms-348-field_2\">Kommentar oder Nachricht <span class=\"wpforms-required-label\">*<\/span><\/label><textarea id=\"wpforms-348-field_2\" class=\"wpforms-field-medium wpforms-field-required\" name=\"wpforms[fields][2]\" required><\/textarea><\/div><div id=\"wpforms-348-field_3-container\" class=\"wpforms-field wpforms-field-gdpr-checkbox\" data-field-id=\"3\"><label class=\"wpforms-field-label\">DSGVO-Einverst\u00e4ndnis <span class=\"wpforms-required-label\">*<\/span><\/label><ul id=\"wpforms-348-field_3\" class=\"wpforms-field-required\"><li class=\"choice-1\"><input type=\"checkbox\" id=\"wpforms-348-field_3_1\" name=\"wpforms[fields][3][]\" value=\"Ich willige ein, dass diese Website meine \u00fcbermittelten Informationen speichert, sodass meine Anfrage beantwortet werden kann.\" required ><label class=\"wpforms-field-label-inline\" for=\"wpforms-348-field_3_1\">Ich willige ein, dass diese Website meine \u00fcbermittelten Informationen speichert, sodass meine Anfrage beantwortet werden kann.<\/label><\/li><\/ul><\/div><\/div><!-- .wpforms-field-container --><div class=\"wpforms-field wpforms-field-hp\"><label for=\"wpforms-348-field-hp\" class=\"wpforms-field-label\">Email<\/label><input type=\"text\" name=\"wpforms[hp]\" id=\"wpforms-348-field-hp\" class=\"wpforms-field-medium\"><\/div><div class=\"wpforms-recaptcha-container wpforms-is-recaptcha wpforms-is-recaptcha-type-invisible\" ><div class=\"g-recaptcha\" data-sitekey=\"6LcC1C0sAAAAAFprjjk5NKelco75f2IN_kPir9fx\" data-size=\"invisible\"><\/div><\/div><div class=\"wpforms-submit-container\" ><input type=\"hidden\" name=\"wpforms[id]\" value=\"348\"><input type=\"hidden\" name=\"page_title\" value=\"\"><input type=\"hidden\" name=\"page_url\" value=\"https:\/\/buntesherzmusik.de\/index.php?rest_route=\/wp\/v2\/pages\/33\"><input type=\"hidden\" name=\"url_referer\" value=\"\"><button type=\"submit\" name=\"wpforms[submit]\" id=\"wpforms-submit-348\" class=\"wpforms-submit\" data-alt-text=\"Senden...\" data-submit-text=\"Absenden\" aria-live=\"assertive\" value=\"wpforms-submit\">Absenden<\/button><\/div><\/form><\/div>  <!-- .wpforms-container -->\n","protected":false},"excerpt":{"rendered":"<p>CD-Bestellungen\u00a0 und Diverses \u00fcber info@buntesherzmusik.de F\u00fcr Auftrittsanfragen sind wir \u00fcber das untenstehende Kontaktformular erreichbar oder schreibt uns direkt eine Mail\u00a0 \u00fcber info@buntesherzmusik.de und setzt unseren Buchungsassisten, Felix Stern von Al Dente Recordz, in &#8222;cc&#8220;: kontakt@aldenterecordz.de. Wir sind ebenfalls \u00fcber facebook erreichbar. Alternativ sind Anfragen \u00fcber das Kontaktformular m\u00f6glich:<\/p>\n","protected":false},"author":1,"featured_media":0,"parent":0,"menu_order":0,"comment_status":"closed","ping_status":"closed","template":"","meta":{"footnotes":""},"class_list":["post-33","page","type-page","status-publish","hentry"],"_links":{"self":[{"href":"https:\/\/buntesherzmusik.de\/index.php?rest_route=\/wp\/v2\/pages\/33","targetHints":{"allow":["GET"]}}],"collection":[{"href":"https:\/\/buntesherzmusik.de\/index.php?rest_route=\/wp\/v2\/pages"}],"about":[{"href":"https:\/\/buntesherzmusik.de\/index.php?rest_route=\/wp\/v2\/types\/page"}],"author":[{"embeddable":true,"href":"https:\/\/buntesherzmusik.de\/index.php?rest_route=\/wp\/v2\/users\/1"}],"replies":[{"embeddable":true,"href":"https:\/\/buntesherzmusik.de\/index.php?rest_route=%2Fwp%2Fv2%2Fcomments&post=33"}],"version-history":[{"count":11,"href":"https:\/\/buntesherzmusik.de\/index.php?rest_route=\/wp\/v2\/pages\/33\/revisions"}],"predecessor-version":[{"id":508,"href":"https:\/\/buntesherzmusik.de\/index.php?rest_route=\/wp\/v2\/pages\/33\/revisions\/508"}],"wp:attachment":[{"href":"https:\/\/buntesherzmusik.de\/index.php?rest_route=%2Fwp%2Fv2%2Fmedia&parent=33"}],"curies":[{"name":"wp","href":"https:\/\/api.w.org\/{rel}","templated":true}]}}